1*-3. Suppose 0 = 3*r - f. Let y = 49 - r. What is the units digit of y?
0
Suppose -10 + 12 = -p. Let f be (7 + 1 - p) + -3. Suppose -8*q + f*q + 13 = 0. What is the tens digit of q?
1
What is the tens digit of 1 + 420 + -58 + 54?
1
Let o = 51 + -39. What is the tens digit of 657/o - 2/(-16)*2?
5
Let n be (1470/(-56))/(3/(-8)). Suppose n - 846 = -4*f. What is the hundreds digit of f?
1
Let l be (-2)/(-3)*-3 + 188. Let y = l - 83. What is the units digit of y?
3
Suppose -3*y = -3*d - 3, -2*d - 7 = -5*y - 2. Suppose d = -z - 2*f + 7*f + 4, -3*f = -z - 2. Let k = 13 + z. What is the units digit of k?
2
Let c = 50 - 30. Let o = -14 + 2. Let x = c + o. What is the units digit of x?
8
Let y(b) = 2*b - 445*b**2 + 446*b**2 + 3 - 7. Let r be y(8). Let i = r - 43. What is the tens digit of i?
3
Let f(d) = 37*d - 23*d + 5 - 16. What is the tens digit of f(5)?
5
Suppose 0 = -4*m - 310 + 1246. Suppose -3*l + 3*q = -m, 48 + 28 = l + q. What is the units digit of l?
7
Let w(g) = 76*g**3 + g**2 + 3. Let h be w(2). Suppose -5*d + u + 753 = 0, -2*u - 3*u - h = -4*d. What is the units digit of d?
0
Let r be (2 - 3)/(6/(-162)). Let w = r + -25. Suppose 0 = -6*a + w*a + 212. What is the units digit of a?
3
Let p(x) = -x**3 + 7*x**2 + 11*x - 3. Let a be (-1)/(2 + 68/(-32)). Let u be p(a). Let k = u + -9. What is the units digit of k?
2
Let t(i) = 4*i**2 + 2*i - 13. Let h(g) = 2*g**2 - 3. Let c be h(2). Let b be t(c). Let u = b - 42. What is the tens digit of u?
5
What is the hundreds digit of 5 - ((2 - 2) + -269) - 1?
2
Let i(g) be the third derivative of g**7/420 + g**6/144 + g**5/40 - g**4/4 - 5*g**2. Let w(t) be the second derivative of i(t). What is the tens digit of w(-3)?
4
Suppose 0 = 4*f - 11 + 7. Let n = f + 6. What is the units digit of 171/n + (-21)/49?
4
Let m = -103 + 143. Let y(w) = w**2 - 2. Let q be y(-2). Suppose q*z - m - 6 = 0. What is the units digit of z?
3
Let j(t) = -3*t**2 - 43*t + 17. Let k be j(-15). Let h(m) = 0 - 9 + m**2 - 2 + 8*m. What is the tens digit of h(k)?
5
Suppose -10 = -2*a, -3*n = -6*a + 7*a - 2. Let q(m) = -186*m**3 + m + 1. What is the tens digit of q(n)?
8
Let p be (-4)/(-10)*4260/(-12). Let n = p + 327. What is the units digit of n?
5
Suppose 5*y - 1425 = -3*z - 385, 0 = -z. What is the hundreds digit of y?
2
Let y(o) = 3*o**3 - o**2 - 2*o + 2. Let d be y(1). Suppose 3*k = 3*j + 111, 3*j = -d*k - k + 93. What is the tens digit of k?
3
Let d(h) = h**3 + 4*h**2 + 3. Let u(a) = -a**3 - a**2 - a - 1. Let q(l) = -d(l) - 2*u(l). What is the units digit of q(4)?
9
Let z be (-2 - -29)*1 + -14 + 14. Suppose 576 = z*c - 24*c. What is the hundreds digit of c?
1
Suppose -680 = 4*a + 5*o, 4*a - 5*o + 1049 = 329. Let w = a - -329. What is the hundreds digit of w?
1
Let v(a) be the first derivative of 7*a**2/2 - 3*a - 4. Let u be v(-3). Let o = u - -43. What is the units digit of o?
9
Let y = -1647 - -2340. What is the tens digit of y?
9
Let i(m) = -21*m**2 + 10*m - 4. Let r be i(6). Let g = -452 - r. What is the hundreds digit of g?
2
What is the hundreds digit of 783*((-52)/(-12) + -4)?
2
What is the hundreds digit of 84/(-126) + (-3974)/(-3)?
3
Suppose 303 = -5*s + 7323. Suppose 2*t - 3*c - 197 = 370, 5*t - 3*c = s. What is the tens digit of t?
7
Let k(s) = 2*s**3 - 7*s**2 - s - 2. Let i be k(5). Suppose -g + 5*l = -22, -4*g = -2*l - i - 2. What is the tens digit of g?
1
What is the units digit of 1 + -1 + 3080/7 + -5?
5
Suppose -1693 = -u + 4*k, 4*u - 116*k - 6707 = -113*k. What is the thousands digit of u?
1
Let x(v) be the first derivative of 2/3*v**3 + 5 - 7/2*v**2 + 9*v. What is the units digit of x(5)?
4
Suppose -29*l + 140794 = 12*l. What is the units digit of l?
4
Let o(g) = 2*g**3 + 6*g**2 - 2*g**3 + g**3. Let x be o(-6). Suppose b + 3*b - 87 = -3*i, -5*b - i + 106 = x. What is the units digit of b?
1
Let w(n) = -n**2 - 5*n - 1. Let r be w(0). What is the units digit of 1/(-2) + (274/4 - r)?
9
Let b(m) = -m**3 + 12*m**2 + 3*m - 5. What is the units digit of b(8)?
5
Let c = 2824 - 1779. What is the units digit of c?
5
Suppose -13*x + 9*x + 60 = 0. Suppose -x = -8*j + 241. Let v = 102 - j. What is the units digit of v?
0
Let t(c) = 8*c**3 + 27*c + 5. What is the tens digit of t(6)?
9
What is the thousands digit of ((-2685)/(-2))/(12/24) + -1?
2
Let q = 115 + 215. What is the tens digit of q?
3
Suppose 3830 = -36*i + 50342. What is the thousands digit of i?
1
Suppose 39*w + 20*w = 62068. What is the hundreds digit of w?
0
Suppose 0*s - 4*s + 28 = 2*p, p + 4*s = 24. Suppose 3*l - p*l = -152. What is the tens digit of l?
5
Let h be (2 + -6)/(-28) + (-360)/21. Let q(x) = 2*x**2 + 26*x + 21. What is the hundreds digit of q(h)?
1
Suppose -9 = -3*s, -5*s = 2*g - 0*s - 8389. What is the hundreds digit of g?
1
Let g = 39 - -9. Suppose -950 = g*u - 53*u. What is the tens digit of u?
9
Let d be 0/(2/((-6)/(-3))). Suppose -b + 4*b + 4*x + 10 = d, -2*x - 18 = -5*b. Suppose 15 = b*m - 27. What is the tens digit of m?
2
What is the hundreds digit of -11 + 238/21 - (-5344)/6?
8
Let g = -506 - -1005. What is the tens digit of g?
9
Let j be (-1)/(-2 - (-18)/10). Suppose -135 = -j*k - 5*m, -3*m - 7 = -k + m. Let l = k - 6. What is the units digit of l?
7
Suppose 3*a - 9 = 6. Let f(z) = -z**2 + 5*z + 1. Let k be f(a). What is the units digit of k*(-64)/(-6)*3?
2
Suppose 14613 = -90*z + 547233. What is the hundreds digit of z?
9
Suppose 8*c - 10 = 3*c. Suppose -141 = c*o - 451. What is the tens digit of o?
5
What is the units digit of 2/((-7)/(13412/(-8)))?
9
Let f(m) = 228*m**2 + 20*m + 76. What is the tens digit of f(-4)?
4
Let s(n) = 9*n + 54. Let o(m) = -m**2 + 21*m + 6. Let p be o(21). What is the units digit of s(p)?
8
Let k = 57 - 54. Suppose 13*m = k*m + 320. What is the units digit of m?
2
Suppose 0 = j - 6*w + 7*w - 1565, -j + 2*w = -1568. What is the tens digit of j?
6
Suppose 64 = y - 4*h, h - 128 = -y - y. Let p = 223 - y. What is the units digit of p?
9
Let b be (-109)/((-5)/(-2) - 2). Let p = b - -435. What is the hundreds digit of p?
2
Let k = -152 - -179. Suppose 32*v = k*v + 930. What is the units digit of v?
6
Suppose -4*w + 1256 = -4*v, 2 = v - 0. Suppose -3*i - 2*h + w = -6*h, 4*h - 332 = -3*i. What is the units digit of i?
8
Suppose 2*v - 58 = 2*r, 48 + 58 = 4*v + r. What is the units digit of v?
7
Let a = 1021 + -102. What is the tens digit of a?
1
What is the units digit of (-4)/18 + 1660869/567?
9
Let t = -14 - -17. Suppose t*u - s + 4*s - 153 = 0, -2*s = 4*u - 196. What is the units digit of u?
7
Let d = -31 + 29. What is the tens digit of (-1)/((-1)/3) + (d - -103)?
0
Suppose 0 = 5*q - 162 - 168. What is the units digit of q + 0 - (0 - 0)?
6
Let m(g) = g - 10. Let q be m(13). Suppose h = 3 + 2, 4*o + q*h = 815. Suppose 0 = n - 5*c + c - 22, 5*n = 2*c + o. What is the tens digit of n?
4
Suppose 0 = 5*d - 4*t - 1433, -4*d + 0*d + 5*t + 1150 = 0. What is the hundreds digit of d?
2
Let k be 4*1 + (-8)/8. Suppose -o = -4*n + 495, -5*n - k*o + 600 = 2*o. What is the units digit of n?
3
Let o(a) = -28*a**3 - a**2 + 1. Let x be o(1). Suppose 3*u + 49 = -23. Let h = u - x. What is the units digit of h?
4
Suppose -13*a + 12*a + 2*h - 5 = 0, -5*h = -5*a - 10. What is the units digit of a/((-1137)/(-284) - 4)?
4
Let f = -1368 - -2462. What is the tens digit of f?
9
Let h(p) = p**2 - 13*p + 13. Let q be (2 - 0)*(-84)/24. Let n(d) = -d**2 - 9*d - 2. Let r be n(q). What is the units digit of h(r)?
1
Let u be (5/20)/((-2)/(-136)). Suppose 4*p + 79 + u = 0. What is the units digit of p/10*15/(-6)?
6
Let t(o) = o**3 - 6*o**2 - 7*o + 2. Suppose 1 - 3 = 2*p, 0 = c + 2*p. Suppose c*d + 1 = w, -w - 2 = -3*d - 0*d. What is the units digit of t(w)?
2
Let s = -214 - -719. What is the tens digit of s?
0
Suppose r - 5*t = 3, 5*r + t = 3*t + 84. Let s = -16 + r. Suppose -s*w + 30 = -44. What is the tens digit of w?
3
Suppose -2*r - 2 = -20. Suppose 0 = 4*u - r*u + 450. What is the tens digit of u?
9
Suppose 27 = -4*k - 5*k. Let i = -110 + 75. Let f = k - i. What is the tens digit of f?
3
Let t(k) = k**3 + 12*k**2 - 16. Let h be -3 + 7 - (-26)/(-2). What is the units digit of t(h)?
7
Let c(v) be the second derivative of -v**3/2 - 2*v. Suppose 3*q - 2 = -2*d, 3*q - 6*q + 4*d - 22 = 0. What is the units digit of c(q)?
6
Let x = 3 - 15. Let z = 17